/21456). Suppose 0 = 4*q - j - 20837. Suppose 33*m = 37*m - q. Is m prime?
True
Let i = 2056 - -2671. Is i prime?
False
Let g(a) = 1. Let o(j) = 13*j + 31. Let n(p) = p. Let f(h) = -6*n(h) - o(h). Let i(u) = f(u) + 2*g(u). Is i(-14) a composite number?
True
Let r = -189 - -204. Let w(f) = 3*f**2 + 44. Is w(r) a prime number?
True
Let x(f) be the third derivative of f**6/120 - 11*f**5/60 - 7*f**4/8 + 49*f**3/6 - 111*f**2 + 1. Is x(16) a prime number?
False
Let x = 143 - 137. Suppose x*w = -993 + 6315. Is w a composite number?
False
Suppose -24642*p - 246206 = -24644*p. Is p prime?
False
Let r(k) = -603*k - 48. Let q be r(-10). Suppose g - 7*g + q = 0. Is g a prime number?
True
Let q be ((-10962)/(-56))/((-2)/(-192)). Suppose -43237 - q = -11*x. Is x a prime number?
True
Suppose 1722736 = 32828*w - 32812*w. Is w a composite number?
False
Let q be 605/22*18/15. Is ((-11)/4 - q/(-44)) + 271 prime?
True
Suppose s - 42233 = -4936*r + 4941*r, 2*s - r - 84430 = 0. Is s composite?
True
Let z(r) = -r**3 + 2*r**2 + 6*r - 7. Let d be z(3). Suppose 4292 = 2*j + d*j. Is j prime?
False
Suppose -5*y + 780833 = -43*t, 0 = 5*y + 5*t - 6*t - 780791. Is y a composite number?
True
Let g = -34870 - -72937. Is g composite?
True
Let v = 170078 + 12945. Is v composite?
False
Let s(h) = -3 + h**3 + 11*h - 4*h**3 + h**3. Let f be s(8). Let c = f + 1386. Is c a prime number?
False
Suppose 8*m + 3 = 7*m. Is 7624 + m/9*9 a prime number?
True
Let h be 8/1*366/12. Suppose -12*k - h = -14*k. Let r = k - -185. Is r prime?
True
Let n(a) = 1056*a**3 - 33*a**2 + 192*a + 94. Is n(7) a prime number?
False
Let c(z) = -19*z**3 + 3*z**2 - 3*z + 2. Let o = -181 + 178. Is c(o) a prime number?
False
Let b(o) = -15*o + 5*o**2 - 18 + 38*o - 2*o. Let k be b(15). Suppose 3*x + 0*x = -2*a + 1431, 5*a = -3*x + k. Is x prime?
True
Suppose -2*m = -4*n + 14, -2*n = -n + m + 4. Let i be n*(-71 + (-3 - -7)). Let s = 682 - i. Is s prime?
False
Is 8331 - (-13 - 99/(-11)) composite?
True
Suppose 0 = -22*t - 524 + 2108. Suppose -t*l = -62*l - 97530. Is l composite?
True
Let y = -126 - -126. Suppose -16*w + 6*w + 25650 = y. Let p = 6076 - w. Is p prime?
True
Suppose -6*h + 6268 = -11204. Suppose -h = -3*j - 5*j. Let v = 613 - j. Is v a composite number?
True
Suppose 3022 = 3*b - 692. Let m = b + -555. Suppose 0 = -20*t + 19*t + m. Is t prime?
True
Let o(s) = 385*s - 23. Let i be 9*(-3 + (-8)/(-4)). Let y(q) = 770*q - 46. Let l(b) = i*o(b) + 4*y(b). Is l(-6) a composite number?
False
Let i(o) = -8330*o - 223. Is i(-4) composite?
True
Let t = 12942 - 19230. Let l = t - -9482. Is l a prime number?
False
Let j(n) = -268*n**3 + 15*n**2 - 25*n - 121. Is j(-19) prime?
True
Let o be 14/6 + (-8)/(-12). Let x be 1858 + 57 + -1*10. Suppose 648 = -o*i + x. Is i composite?
False
Suppose 19 = -5*b + 84. Let o(s) = -s**3 + 12*s**2 + 18*s - 65. Let l be o(b). Suppose 9*y + 5251 - 63292 = l. Is y prime?
True
Suppose -19*n - 3210358 = 7*n - 18019100. Is n a composite number?
True
Let j(n) = 119*n**3 + n**2 - n. Let m(d) = -d - 8. Let t be m(-11). Let u be 6*(-1)/2*(-1)/t. Is j(u) composite?
True
Suppose 0 = -25*p + 3*p + 110. Suppose 3*b + 24*m = 27*m + 50598, 84360 = p*b + m. Is b composite?
False
Let q = 7222 - -8028. Is 5*(-24)/(-280) + q/7 a prime number?
True
Suppose -10*r + 15*r - 583156 = -4*v, -3*v + 3*r + 437421 = 0. Is v a prime number?
True
Suppose 8291164 = 50*o + 436814. Is o prime?
False
Let a = 258850 - 134963. Is a composite?
False
Let v be (204/(-8) - 6)/((-2)/(-76)). Let s = 5486 + v. Is s a composite number?
False
Suppose -5*w - 3*o = 523 - 77391, 3*w - 4*o = 46144. Suppose -30278 - w = -21*a. Is a composite?
True
Let r(t) be the second derivative of t**5/2 + t**4/12 - t**3/6 - 3*t**2/2 + 4*t. Suppose -m + 2 = 0, -2*i + 5*m - 2 = 4. Is r(i) a composite number?
False
Let z be (-7)/(-63)*-2 - 137/(-9). Suppose -9*h + z = -4*h. Is h + 8/(-6) + 2120/15 prime?
False
Suppose -615294 = 96*n - 114*n. Is n a composite number?
False
Let b(j) = -100*j**2 - 11*j + 3. Let o(g) = -100*g**2 - 11*g + 4. Let z(u) = 4*b(u) - 5*o(u). Let r(c) = -72*c + 3235. Let t be r(45). Is z(t) a prime number?
True
Let b = -2632 + 4613. Let p = b + -1186. Suppose 0 = 3*m - p + 150. Is m prime?
False
Let j(q) = -9*q**3 - 8*q**2 + q - 25. Let c(m) = 18*m**3 + 15*m**2 - 2*m + 51. Let z(p) = 3*c(p) + 5*j(p). Let u be z(5). Suppose 0 = -n + 430 + u. Is n prime?
False
Let k(p) = p**2 + 6*p - 61. Let o be k(-11). Let w(y) = 459*y**2 - 14*y - 115. Is w(o) composite?
False
Let w(t) = 55478*t - 1769. Is w(6) a prime number?
True
Let x = -382 + 390. Is ((-13885)/2)/((-52)/x - -6) a prime number?
False
Suppose 0 = 5*p - 5*o - 202135, -4*p + 26*o - 30*o + 161676 = 0. Is p a composite number?
False
Suppose 0 = 25*p + 98*p - 3431577. Is p a prime number?
False
Let p(s) = -440*s + 1429. Is p(-51) a prime number?
True
Let r(z) = 89*z**3 - 19*z**2 + 25*z + 56. Is r(3) composite?
True
Let z be 3/(12/(-70))*2. Let c = -35 - z. Suppose -2*d - d + 711 = c. Is d a composite number?
True
Let x(r) = 48*r + 67*r + r**2 - 139*r + 43. Is x(-20) a prime number?
False
Let i = -2129861 - -3020196. Is i a prime number?
False
Let s = -6033 + 14638. Is s a composite number?
True
Let u = 891709 + -616580. Is u a prime number?
True
Let t = 35040 - -7469. Is t composite?
False
Is (3/(51/32451691))/(1 - 0) a prime number?
True
Let h(v) = v - 20. Let f be h(20). Suppose f = 3*w - 5*z - 6154, -3*w - 11*z + 6163 = -7*z. Is w a composite number?
False
Is (297 - 301)/((4/(-195395))/1) composite?
True
Suppose -276260 - 288551 = -13*p. Is p a composite number?
True
Suppose 0*n = 5*n - i - 16, -n + i = 0. Suppose 2*d = 3*z - 29815, n*z + d - 52047 = -12290. Is z composite?
True
Let g = 40 + -37. Let c be g + (1 + 58)*28. Suppose 2*r + 3*r = c. Is r composite?
False
Let d(f) = 347*f - 53 + 29 + 25 + 481*f. Let k be d(1). Suppose -a + 397 = 2*c, -3*c - k = -2*a - 0. Is a a composite number?
True
Let j(h) = 4386*h + 25. Let x be j(6). Suppose 24738 + x = 7*u. Is u a prime number?
True
Suppose -4*j - 63*c + 11481572 = -62*c, c + 8611179 = 3*j. Is j a composite number?
False
Let n = 133 + -146. Is (15 + n)/((-22515)/22521 + 1) a prime number?
True
Suppose 62474 = -26*p - 67*p + 7504427. Is p a prime number?
True
Let d(a) be the third derivative of -805*a**4/24 - 13*a**3 + 171*a**2. Is d(-7) composite?
False
Let l = -260836 + 628601. Is l composite?
True
Let u = -30 + 34. Suppose -2*w + u*s = 3*s - 12, 3*s - 36 = -3*w. Suppose -11*r + 834 = -w*r. Is r a composite number?
True
Let x(j) = 63*j**3 - 123*j**3 + 3*j + 2 + 27 + 9*j**2 + 61*j**3. Let s be x(-9). Suppose -3*y - s*z + 97 + 1881 = 0, -4*y + 2*z = -2656. Is y prime?
False
Let z(t) = t**2 - 5*t + 6. Suppose 0 = o + 1, 4*o - 5 = -3*x - 0*x. Let k be z(x). Is 4 + 163/((k - -3)/9) prime?
False
Suppose 230 = 3*z - 2*d, 4*z + 4*d = -0*z + 300. Is 38/z + (-202)/(-4) a prime number?
False
Suppose s - 179 = -197. Let p be (0 - 0)*(s + 19). Suppose 152*t - 157*t + 95 = p. Is t prime?
True
Suppose 0*o - 6*o = 1182. Suppose 41*h = 39*h + 868. Let b = h - o. Is b a prime number?
True
Let r be ((-13)/((-273)/18))/((-1)/7). Is ((-16)/(-12) - 1) + (-9820)/r composite?
False
Let w be (22412/(-5))/((-8)/20). Let a = 1965 + w. Is a a prime number?
True
Let l(w) = 6 + 3*w**2 + 4*w - 663*w**3 - 11 - 2*w**2. Let s be l(2). Let m = -2640 - s. Is m a composite number?
False
Suppose -29*x = -37*x - 39*x + 1433077. Is x prime?
True
Let h(n) = -24*n - 26. Let m be h(-1). Is 25235/14 - (3 - (-3)/m) composite?
False
Let z(j) be the third derivative of 439*j**4/24 - 2*j**3/3 + 2*j**2 - 5*j. Is z(5) a composite number?
True
Let c(z) = 339*z**2 + 52*z - 52. Is c(11) a prime number?
True
Let i(y) be the second derivative of 499*y**3/2 - 106*y**2 + 59*y + 1. Is i(5) a composite number?
True
Suppose -y = 2*r - 66245, -r - 3*y = -43331 + 10201. Is r prime?
False
Let x = 3232 - 1671. Is x prime?
False
Let w(u) = 1748*u - 31. Let p(a) = -5243*a + 91. Let q(h) = 4*p(h) + 11*w(h). Is q(-5) composite?
True
Suppose -97*y - 15698135 = 61*y - 50896269. Is y prime?
True
Let k(s) = -18623*s**3 + 8*s**2 + 6*s - 1. Let j be k(-1). Suppose -j = -11*b + 69343. Is b composite?
True
Let n be (55/(-22))/((-2)/4). Suppose 2*j + 2*o - 80 - 1830 = 0, j + n*o - 971 = 0. Let t = -